it of 81640010?
0
What is the ten millions digit of 246492782?
4
What is the hundred millions digit of 918483580?
9
What is the ten millions digit of 356447034?
5
What is the tens digit of 9153969001?
0
What is the millions digit of 154890386?
4
What is the millions digit of 4272629598?
2
What is the ten millions digit of 351638284?
5
What is the thousands digit of 149247095?
7
What is the millions digit of 5067098898?
7
What is the hundreds digit of 329367116?
1
What is the ten millions digit of 202995418?
0
What is the hundred thousands digit of 4974861574?
8
What is the units digit of 202646500?
0
What is the hundreds digit of 80097711?
7
What is the hundred thousands digit of 37366992?
3
What is the hundred thousands digit of 273524713?
5
What is the tens digit of 990795500?
0
What is the tens digit of 3013978273?
7
What is the hundreds digit of 7245386361?
3
What is the thousands digit of 58132721?
2
What is the ten thousands digit of 187035159?
3
What is the billions digit of 1632554392?
1
What is the units digit of 124730677?
7
What is the millions digit of 12402412?
2
What is the millions digit of 693902427?
3
What is the hundreds digit of 122803794?
7
What is the millions digit of 23118672?
3
What is the units digit of 71639702?
2
What is the hundred thousands digit of 2682754?
6
What is the units digit of 14137040?
0
What is the hundreds digit of 11592173?
1
What is the ten millions digit of 3416415781?
1
What is the millions digit of 51926093?
1
What is the ten thousands digit of 1274282898?
8
What is the billions digit of 1255494775?
1
What is the ten thousands digit of 2069364?
6
What is the ten thousands digit of 269039251?
3
What is the ten millions digit of 191716886?
9
What is the ten millions digit of 39629061?
3
What is the units digit of 6952174089?
9
What is the hundred millions digit of 808466323?
8
What is the ten millions digit of 2242094249?
4
What is the hundred thousands digit of 482971390?
9
What is the hundreds digit of 344162486?
4
What is the hundred thousands digit of 749717502?
7
What is the tens digit of 3471905850?
5
What is the hundred millions digit of 2887997608?
8
What is the ten millions digit of 226759987?
2
What is the ten millions digit of 233043466?
3
What is the tens digit of 1659138491?
9
What is the ten millions digit of 30980539?
3
What is the millions digit of 24275779?
4
What is the tens digit of 212883177?
7
What is the ten millions digit of 1931533381?
3
What is the thousands digit of 823666904?
6
What is the hundreds digit of 55993966?
9
What is the hundred thousands digit of 247747956?
7
What is the ten thousands digit of 262262850?
6
What is the tens digit of 1905101919?
1
What is the millions digit of 240543833?
0
What is the tens digit of 6699809?
0
What is the ten thousands digit of 711316335?
1
What is the thousands digit of 433834908?
4
What is the ten thousands digit of 564979423?
7
What is the ten thousands digit of 8154932?
5
What is the thousands digit of 22625170?
5
What is the ten millions digit of 18783310?
1
What is the hundreds digit of 1410450?
4
What is the tens digit of 1842624229?
2
What is the ten millions digit of 191597666?
9
What is the thousands digit of 4474248?
4
What is the ten thousands digit of 2714417835?
1
What is the hundreds digit of 279909935?
9
What is the ten millions digit of 714639944?
1
What is the hundreds digit of 78902006?
0
What is the thousands digit of 73316526?
6
What is the ten thousands digit of 8113477719?
7
What is the tens digit of 610867953?
5
What is the hundreds digit of 433016647?
6
What is the tens digit of 187408951?
5
What is the tens digit of 3847749227?
2
What is the ten millions digit of 787993284?
8
What is the hundred thousands digit of 47163196?
1
What is the hundreds digit of 82315461?
4
What is the hundred thousands digit of 518880111?
8
What is the millions digit of 1127409135?
7
What is the ten thousands digit of 269458898?
5
What is the hundred millions digit of 300612519?
3
What is the tens digit of 218641279?
7
What is the ten millions digit of 863520761?
6
What is the ten thousands digit of 125974921?
7
What is the millions digit of 149321456?
9
What is the units digit of 224019836?
6
What is the thousands digit of 33847645?
7
What is the hundred thousands digit of 108948567?
9
What is the ten millions digit of 62975206?
6
What is the millions digit of 1143818808?
3
What is the thousands digit of 31164194?
4
What is the hundred millions digit of 1944892023?
9
What is the hundred thousands digit of 46907393?
9
What is the ten thousands digit of 448546602?
4
What is the millions digit of 2314009124?
4
What is the hundred thousands digit of 106448945?
4
What is the ten millions digit of 71788254?
7
What is the thousands digit of 480630622?
0
What is the thousands digit of 202980271?
0
What is the hundred thousands digit of 783338352?
3
What is the hundred thousands digit of 276730173?
7
What is the hundreds digit of 29090673?
6
What is the millions digit of 5881311280?
1
What is the thousands digit of 531409871?
9
What is the ten millions digit of 1340121270?
4
What is the hundred thousands digit of 857345640?
3
What is the hundreds digit of 1430331393?
3
What is the thousands digit of 111937047?
7
What is the ten thousands digit of 218249555?
4
What is the units digit of 3617478253?
3
What is the tens digit of 739998756?
5
What is the ten millions digit of 1964184485?
6
What is the hundred thousands digit of 47232687?
2
What is the millions digit of 10973250?
0
What is the thousands digit of 40211217?
1
What is the thousands digit of 2073556472?
6
What is the hundreds digit of 75773000?
0
What is the hundred thousands digit of 402164904?
1
What is the tens digit of 72729855?
5
What is the millions digit of 45016740?
5
What is the hundreds digit of 105307258?
2
What is the hundred millions digit of 472444763?
4
What is the hundred thousands digit of 2030456729?
4
What is the tens digit of 9148088?
8
What is the hundreds digit of 2610842022?
0
What is the hundred thousands digit of 299209107?
2
What is the hundreds digit of 49892363?
3
What is the hundred millions digit of 562349566?
5
What is the ten thousands digit of 90750187?
5
What is the units digit of 30819231?
1
What is the ten thousands digit of 64415274?
1
What is the thousands digit of 293112834?
2
What is the units digit of 317658854?
4
What is the hundred thousands digit of 23854136?
8
What is the hundred millions digit of 721420933?
7
What is the hundreds digit of 240850783?
7
What is the millions digit of 119711026?
9
What is the millions digit of 41304249?
1
What is the tens digit of 38994990?
9
What is the ten thousands digit of 568771756?
7
What is the hundred millions digit of 1794853403?
7
What is the millions digit of 25228832?
5
What is the ten millions digit of 666965266?
6
What is the tens digit of 646375527?
2
What is the units digit of 1018019393?
3
What is the hundreds digit of 7173807469?
4
What is the ten thousands digit of 23020650?
2
What is the hundred millions digit of 1132709691?
1
What is the hundred thousands digit of 45407461?
4
What is the hundreds digit of 334575339?
3
What is the thousands digit of 161274768?
4
What is the tens digit of 210738440?
4
What is the units digit of 30504820?
0
What is the ten millions digit of 730210103?
3
What is the millions digit of 788753457?
8
What is the millions digit of 17860429?
7
What is the ten millions digit of 1882409607?
8
What is the millions digit of 220185112?
0
What is the millions digit of 25281699?
5
What is the hundred thousands digit of 384818874?
8
What is the ten thousands digit of 394453269?
5
What is the ten millions digit of 1480619487?
8
What is the hundred millions digit of 108741988?
1
What is the hundred millions digit of 669139537?
6
What is the hundred millions digit of 479473517?
4
What is the tens digit of 165665072?
7
What is the hundreds digit of 7882613?
6
What is the millions digit of 23004481?
3
What is the hundred thousands digit of 1184521409?
5
What is the hundred thousands digit of 1194879195?
8
What is the units digit of 609446031?
1
What is the units digit of 40704184?
4
What is the ten thousands digit of 261271444?
7
What is the hundred thousands digit of 